.
53
Let i(g) = -2*g**2 + 2*g + 4. Calculate i(3).
-8
Let o(j) = -2*j - 33. Determine o(-11).
-11
Let u(i) = -i + 8. Calculate u(13).
-5
Let n(h) = -h**3 + 2*h**2 + 8*h + 8. Determine n(4).
8
Let m(x) = -x**3 - 32*x**2 + 68*x + 16. Determine m(-34).
16
Let s(c) = c - 3. Determine s(-4).
-7
Let j(q) = -13*q**2 - 2*q - 1. Calculate j(-1).
-12
Let v(j) = -j**2 + j + 158. Calculate v(-12).
2
Let z(o) = -4*o**2 - 2*o + 3. What is z(-2)?
-9
Let n(h) = h**2 + 12*h + 16. Calculate n(-7).
-19
Let k(s) = 7*s - 10. What is k(5)?
25
Let t(k) = k**3 - 4*k**2 - 4*k - 5. Determine t(5).
0
Let u(b) = b**3 - 8*b**2 + b + 53. What is u(7)?
11
Let g(v) = 7*v + 9. Determine g(0).
9
Let h(d) = -6*d + 40. Determine h(9).
-14
Let s(z) = -z**3 + 8*z**2 + 7*z + 22. Give s(9).
4
Let r(a) = 4*a - 8. Determine r(-3).
-20
Let y(o) = -o**3 + 3*o**2 - 2*o - 4. Determine y(4).
-28
Let y(f) = -5*f**2 + f - 2. Give y(1).
-6
Let m(v) = -2*v**2 - 15*v - 20. Determine m(-12).
-128
Let o(c) = 4*c**3 - 3*c**2 + 3*c. Determine o(2).
26
Let d(l) = l**3 + 14*l**2 + 23*l + 10. What is d(-12)?
22
Let c(g) = -g**2 + 10*g - 18. Determine c(2).
-2
Let f(n) = 21*n - 260. Give f(12).
-8
Let r(a) = 8*a + 1. Calculate r(-1).
-7
Let o(w) = -w**3 - 7*w**2 + 10*w + 3. Determine o(-8).
-13
Let n(v) = 4*v + 27. What is n(-8)?
-5
Let i(g) = -g**2 - 19*g + 30. What is i(-21)?
-12
Let u(t) = -4*t**2 - 46*t - 28. What is u(-11)?
-6
Let w(c) = -2*c**2 + 2*c - 45. Determine w(0).
-45
Let i(l) = -l**3 - 6*l**2 - 6*l - 30. Give i(-6).
6
Let x(q) = -q**2 - 3*q + 7. Give x(-7).
-21
Let b(v) = 2*v**3 + 101*v**2 - 49*v + 103. Determine b(-51).
1
Let o(b) = -b**3 - 3*b**2 + 4*b + 2. Give o(-4).
2
Let z(x) = -14*x + 60. Give z(4).
4
Let w(d) = -8*d - 14. What is w(3)?
-38
Let f(k) = -7*k + 20. Calculate f(2).
6
Let v(r) = 5*r. Determine v(2).
10
Let g(b) = b**3 - 10*b**2 + 9*b + 7. Determine g(9).
7
Let d(u) = u**3 + 22*u**2 + 54*u - 54. Calculate d(-19).
3
Let b(h) = h**3 - 3*h**2 - 6*h + 2. Determine b(3).
-16
Let o(c) = 4*c**2 + 6*c + 47. Give o(-4).
87
Let r(q) = -q + 16. Give r(8).
8
Let p(i) = -i**3 - 5*i**2 - 6*i - 2. Determine p(-4).
6
Let c(l) = -l**3 + 3*l**2 + 16. Determine c(4).
0
Let b(p) = -4*p + 33. Determine b(11).
-11
Let z(b) = -3*b**2 - 18*b - 2. Calculate z(-6).
-2
Let d(k) = k**2 + 6*k + 5. What is d(-2)?
-3
Let s(i) = 3*i**2 - 3*i - 34. Determine s(5).
26
Let x(m) = -m**3 + 20*m**2 + 20*m + 29. What is x(21)?
8
Let c(w) = w**3 + 2*w - 1. What is c(1)?
2
Let b(u) = -u**3 - 6*u**2 - 7*u. Determine b(-5).
10
Let d(y) = -y - 6. What is d(-19)?
13
Let g(c) = 2*c**2 + 2*c - 1. Determine g(1).
3
Let a(v) = 2*v**2 + 96*v + 582. Give a(-41).
8
Let b(i) = i**2 + 24*i + 26. What is b(-23)?
3
Let a(q) = 4*q**3 - q**2 + 3*q - 1. Calculate a(0).
-1
Let h(u) = u**3 + 10*u**2 + 18*u + 69. Give h(-9).
-12
Let n(r) = -15*r + 69. Calculate n(4).
9
Let h(r) = -4*r + 4. Determine h(0).
4
Let z(y) = -y**3 + 8*y**2 - 10*y + 20. Give z(8).
-60
Let i(u) = 2*u**2 - 27*u + 23. Determine i(12).
-13
Let l(g) = g**2 + g - 41. What is l(6)?
1
Let p(n) = 3*n**2 - 2*n + 2. What is p(0)?
2
Let t(k) = -2*k**3 + 8*k**2 - 8*k - 5. Determine t(3).
-11
Let o(b) = -6*b**2 + 15*b - 9. Calculate o(2).
-3
Let p(o) = -o**3 - 12*o**2 - 2*o - 25. What is p(-12)?
-1
Let x(y) = -y**3 + y**2 + 2*y + 3. Calculate x(0).
3
Let x(m) = 2*m - 9. Give x(-4).
-17
Let z(q) = 3*q**2 + q - 1. What is z(2)?
13
Let s(i) = -28*i + 161. Calculate s(6).
-7
Let g(i) = -i**3 + i - 20. Determine g(0).
-20
Let q(j) = -3*j**2 + 2*j - 6. Calculate q(-3).
-39
Let d(s) = -s**2 + 13*s + 25. Give d(13).
25
Let h(l) = 32*l + 240. Calculate h(-7).
16
Let w(o) = -o + 1. Calculate w(3).
-2
Let p(n) = n**2 + 8*n + 10. Determine p(-7).
3
Let o(b) = -2*b**2 - 22*b - 12. Calculate o(-11).
-12
Let p(j) = -j**2 - 9*j - 12. Calculate p(-9).
-12
Let y(c) = 2*c**3 - 4*c**2 - 10*c + 18. Give y(4).
42
Let g(x) = x**2 - 9*x - 1. Give g(11).
21
Let q(l) = -l**2 - 10*l - 19. Calculate q(-2).
-3
Let r(j) = j**3 - j**2 - j - 5. Calculate r(0).
-5
Let m(t) = 4*t - 28. What is m(8)?
4
Let q(s) = -3*s + 6. Determine q(5).
-9
Let a(s) = s**3 + 4*s**2 - 5*s - 9. Give a(-6).
-51
Let j(o) = 45*o - 101. What is j(2)?
-11
Let q(v) = v**3 - 8*v**2 - 18*v + 14. Calculate q(10).
34
Let f(v) = 2*v - 2. Calculate f(0).
-2
Let u(v) = -5*v + 7. Determine u(-3).
22
Let q(c) = c**3 + 16*c**2 - 161*c + 5. What is q(-23)?
5
Let r(n) = -n**3 - 11*n**2 - 15*n - 4. Calculate r(-9).
-31
Let y(x) = -x - 12. Determine y(-13).
1
Let c(b) = b**2 - 4*b - 8. Give c(6).
4
Let t(m) = -3*m + 15. What is t(-15)?
60
Let k(f) = -f**3 + 4*f**2 + 15*f - 30. What is k(6)?
-12
Let y(q) = 3*q**2 - 213*q - 212. Determine y(-1).
4
Let v(r) = -10*r**3 + 2*r**2 - r. Determine v(1).
-9
Let s(d) = 3*d - 23. Give s(-4).
-35
Let b(g) = -2*g**2 - 18*g + 16. What is b(-9)?
16
Let n(u) = -u**3 - 6*u**2 - 4*u - 7. Determine n(-5).
-12
Let o(h) = h**3 + h**2 + h - 2. Calculate o(1).
1
Let a(z) = z - 22. Determine a(-3).
-25
Let m(p) = p + 25. Determine m(-12).
13
Let b(n) = -3*n**2 + 17*n + 11. What is b(9)?
-79
Let f(u) = -7*u + 1. Determine f(-4).
29
Let o(a) = -a**3 + 19*a**2 - 17*a - 11. Determine o(18).
7
Let n(p) = 3*p**2 - 68*p + 9. What is n(23)?
32
Let l(i) = 7*i + 3. What is l(2)?
17
Let o(t) = -7*t**2 + 8*t + 9. Determine o(-1).
-6
Let r(i) = -5*i**3 - i**2 - 4*i - 3. Determine r(-2).
41
Let r(g) = g**3 + 5*g**2 - 3*g + 4. Calculate r(-6).
-14
Let p(b) = 2*b - 9. Determine p(0).
-9
Let j(p) = 6*p - 53. What is j(13)?
25
Let j(g) = -g**3 + 9*g**2 - 10*g - 14. What is j(6)?
34
Let b(m) = -m**2 - m + 32. Calculate b(5).
2
Let d(i) = 23*i**2 - 2*i. Give d(2).
88
Let h(b) = -b + 7. Calculate h(2).
5
Let q(f) = -f**2 + 55*f + 2. Determine q(55).
2
Let r(c) = 11*c - 97. Calculate r(8).
-9
Let i(s) = 8*s**3 + 3*s + 2. Give i(-1).
-9
Let v(q) = 3*q**3 - 3*q**2 - 3*q - 1. Calculate v(-1).
-4
Let y(z) = z**3 - 9*z**2 + 8*z - 2. Determine y(8).
-2
Let l(i) = 3*i + 19. Calculate l(-12).
-17
Let g(m) = -m**2 + 8*m - 17. Calculate g(7).
-10
Let k(s) = s**2 - 20. What is k(0)?
-20
Let f(x) = -94*x + 839. Give f(9).
-7
Let o(z) = -4*z + 7. Determine o(-8).
39
Let k(h) = 2*h. Calculate k(5).
10
Let x(j) = -j**2 + 33*j + 152. Calculate x(37).
4
Let j(i) = i**3 - 11*i**2 + i + 4. What is j(11)?
15
Let k(w) = w + 7. Give k(-6).
1
Let q(g) = -9*g**2 + 118*g - 13. Determine q(13).
0
Let a(c) = 27*c**2 + 7*c + 6. What is a(-1)?
26
Let q(s) = s**2 - 6*s + 10. What is q(8)?
26
Let m(y) = y**3 + 19*y**2 + 17*y - 30. What is m(-18)?
-12
Let f(g) = g - 31. Determine f(14).
-17
Let y(b) = 2*b**3 - 38*b**2 + 38*b - 45. Determine y(18).
-9
Let o(r) = -32*r - 40. Calculate o(0).
-40
Let b(l) = l - 12. What is b(7)?
-5
Let o(w) = -w**3 - 7*w**2 - 5*w + 8. Calculate o(-6).
2
Let p(d) = d**2 + 5*d - 2. Give p(3).
22
Let u(z) = z**2 + 7*z + 7. What is u(-8)?
15
Let q(i) = -i**3 - 11*i**2 - 11*i - 7. Give q(-10).
3
Let i(w) = -3*w - 28. Determine i(-13).
11
Let u(y) = -y**3 + 14*y**2 + 34*y - 37. Determine u(16).
-5
Let z(u) = u**2 + 14*u + 12. What is z(-13)?
-1
Let o(r) = r**2 - 7*r - 8. What is o(7)?
-8
Let s(p) = -p**2 - 17*p - 24. What is s(-16)?
-8
Let i(k) = k**2 - k + 3. What is i(4)?
15
Let f(t) = 16*t**2 - 2*t + 1. What is f(1)?
15
Let o(r) = r**2 - 2*r - 2. Give o(-4).
22
Let n(v) = v**2 + 6*v - 2. What is n(-6)?
-2
Let n(i) = 16*i - 188. Calculate n(12).
4
Let y(s) = s**2 + 1. Calculate y(-1).
2
Let q(o) = -o**2 - 13*o + 32. Give q(-16).
-16
Let p(h) = h**3 - 6*h**2 + 21*h - 9. What is p(2)?
17
Let v(l) = -15*l + 14. Give v(7).
-91
Let h(g) = -g**3 + 20*g**2 + 3*g - 63. Determine h(20).
-3
Let z(f) = -2*f**3 - 30*f**2 + 9*f + 4. Give z(-15).
-131
Let x(i) = 15*i**2 - 4*i + 4. Calculate x(1).
15
Let z(v) = -4*v**3 + 2*v**2. Determine z(2).
-24
Let p(n) = 32*n**3 + n**2. Determine p(1).
33
Let z(r) = -12*r - 739. Determine z(-61).
-7
Let w(q) = -3*q + 20. What is w(8)?
-4
Let p(f) = -f**3 - 18*f**2 - 2*f - 17. Give p(-18).
19
Let g(f) = -f**2 - 4*f + 1. Determine g(-5).
-4
Let t(k) = 3*k - 48. Determine t(15).
-3
Let l(s) = -6*s**3 - s**2 + s + 1. What is l(-1)?
5
Let a(i) = -i**2 - 9*i - 5. Give a(-6).
13
Let m(y) = -y**3 + 15*y**2 - 12*y - 34. Give m(14).
-6
Let z(a) = -9*a + 8. What is z(1)?
-1
Let n(q) = q**2 - 9*q - 3. Give n(8).
-11
Let f(n) 